le of 8?
False
Is 12666 a multiple of 73?
False
Does 10 divide 15587240?
True
Does 20 divide 287441?
False
Is 141728 a multiple of 29?
False
Does 35 divide 25120795?
True
Is 71 a factor of 98795?
False
Does 187 divide 1007743?
True
Is 135 a factor of 4159485?
True
Does 306 divide 831402?
True
Is 58 a factor of 177132?
True
Does 13 divide 111029?
False
Is 3930 a multiple of 131?
True
Does 19 divide 601768?
True
Is 56 a factor of 535663?
False
Does 335 divide 4119160?
True
Is 803330 a multiple of 657?
False
Does 113 divide 24069?
True
Is 702 a multiple of 27?
True
Does 110 divide 43450?
True
Does 4 divide 58400?
True
Is 416 a factor of 141791?
False
Is 225373 a multiple of 8?
False
Is 346146 a multiple of 10?
False
Is 204 a factor of 12560414?
False
Is 11 a factor of 3704481?
True
Does 98 divide 453278?
False
Does 21 divide 155484?
True
Does 84 divide 2253068?
False
Is 9349480 a multiple of 382?
False
Does 216 divide 1517385?
False
Does 22 divide 3301125?
False
Does 6 divide 1760736?
True
Is 13 a factor of 4082463?
False
Does 6 divide 117093?
False
Is 2375706 a multiple of 183?
True
Is 575 a factor of 573275?
True
Is 1249615 a multiple of 394?
False
Is 12857695 a multiple of 17?
True
Does 23 divide 9964887?
False
Does 8 divide 1410128?
True
Does 1300 divide 3774659?
False
Does 63 divide 6113835?
True
Is 11 a factor of 332000?
False
Is 256158 a multiple of 214?
True
Is 52 a factor of 768820?
True
Does 1107 divide 208116?
True
Does 358 divide 1498230?
True
Does 38 divide 27420?
False
Is 289545 a multiple of 408?
False
Is 124 a factor of 253084?
True
Is 6163192 a multiple of 49?
False
Is 82 a factor of 11420?
False
Does 35 divide 911322?
False
Is 187829 a multiple of 64?
False
Is 8471719 a multiple of 13?
False
Is 1413735 a multiple of 689?
False
Does 54 divide 1143666?
True
Does 15 divide 6866580?
True
Does 6 divide 3028863?
False
Does 264 divide 670032?
True
Is 302 a factor of 362400?
True
Does 3 divide 35193?
True
Does 21 divide 423696?
True
Is 14 a factor of 263785?
False
Is 8699936 a multiple of 14?
True
Does 61 divide 152525?
False
Does 9 divide 550289?
False
Is 9 a factor of 132120?
True
Is 13802061 a multiple of 39?
True
Is 123 a factor of 21156?
True
Does 48 divide 151824?
True
Is 476634 a multiple of 8?
False
Is 586023 a multiple of 244?
False
Is 2839 a multiple of 9?
False
Is 721 a factor of 928600?
False
Is 38 a factor of 291903?
False
Is 42 a factor of 285562?
False
Does 1669 divide 9711911?
True
Is 4 a factor of 92463?
False
Does 31 divide 1383034?
True
Does 15 divide 4874700?
True
Is 86 a factor of 169420?
True
Is 11 a factor of 85570?
False
Is 73 a factor of 756336?
False
Is 30 a factor of 27964?
False
Is 9256409 a multiple of 44?
False
Is 9 a factor of 3848252?
False
Does 39 divide 5569083?
True
Is 81239 a multiple of 2?
False
Is 28 a factor of 88870?
False
Does 233 divide 17700544?
True
Is 158950 a multiple of 527?
False
Is 11 a factor of 6107651?
True
Is 18072 a multiple of 8?
True
Does 7 divide 3017959?
True
Is 487519 a multiple of 222?
False
Does 28 divide 1204?
True
Does 27 divide 20412?
True
Is 454631 a multiple of 7?
False
Is 2040546 a multiple of 36?
False
Is 1444860 a multiple of 12?
True
Does 2330 divide 10941680?
True
Does 707 divide 554614?
False
Is 17 a factor of 6027624?
False
Is 3754847 a multiple of 10?
False
Is 6 a factor of 111872?
False
Is 1070 a factor of 4146335?
False
Is 857 a factor of 4172384?
False
Is 25 a factor of 185264?
False
Does 34 divide 31303?
False
Is 4275832 a multiple of 22?
True
Is 14173574 a multiple of 16?
False
Is 3 a factor of 111008?
False
Does 4 divide 495931?
False
Is 493 a factor of 1598633?
False
Is 114 a factor of 720151?
False
Is 1827031 a multiple of 315?
False
Is 11 a factor of 1070795?
True
Does 250 divide 1618939?
False
Is 138 a factor of 140685?
False
Is 2410890 a multiple of 4?
False
Is 18 a factor of 432990?
True
Does 6 divide 657311?
False
Does 15 divide 406155?
True
Does 2 divide 1264911?
False
Is 80 a factor of 4456628?
False
Does 41 divide 86584?
False
Does 2 divide 14495?
False
Is 21 a factor of 208298?
False
Does 28 divide 173411?
False
Is 80 a factor of 167600?
True
Does 14 divide 3840664?
False
Does 1036 divide 5424496?
True
Is 732593 a multiple of 555?
False
Does 178 divide 83126?
True
Does 200 divide 8272583?
False
Is 2639 a multiple of 6?
False
Is 8 a factor of 3646112?
True
Does 9 divide 63396?
True
Is 97757 a multiple of 11?
True
Is 10 a factor of 40513?
False
Is 637056 a multiple of 168?
True
Is 183 a factor of 12928401?
True
Does 12 divide 32604?
True
Does 195 divide 468973?
False
Is 148 a factor of 1667812?
True
Is 111329 a multiple of 51?
False
Is 65309 a multiple of 2?
False
Is 100 a factor of 435100?
True
Is 529 a factor of 2278932?
True
Is 8 a factor of 119314?
False
Is 105658 a multiple of 42?
False
Does 3 divide 11407?
False
Is 636004 a multiple of 47?
True
Does 40 divide 187488?
False
Does 32 divide 288078?
False
Is 1697436 a multiple of 234?
True
Is 12709076 a multiple of 501?
False
Is 514 a factor of 6604559?
False
Is 18770 a multiple of 167?
False
Does 5 divide 466465?
True
Is 12 a factor of 108199?
False
Does 154 divide 32471?
False
Does 12 divide 3716262?
False
Is 50 a factor of 3776457?
False
Is 794530 a multiple of 31?
True
Does 13 divide 247422?
False
Is 50 a factor of 8086948?
False
Is 6922812 a multiple of 796?
True
Is 7953481 a multiple of 216?
False
Is 850471 a multiple of 23?
True
Does 219 divide 1195740?
True
Is 15 a factor of 54195?
True
Does 1011 divide 14405935?
False
Is 67144 a multiple of 14?
True
Does 18 divide 4382298?
True
Is 1737048 a multiple of 55?
False
Does 7 divide 96229?
True
Is 34 a factor of 12342?
True
Does 94 divide 380606?
True
Is 527472 a multiple of 162?
True
Is 25938 a multiple of 33?
True
Is 1781002 a multiple of 62?
False
Does 7 divide 6816222?
True
Does 475 divide 321423?
False
Is 45 a factor of 8112445?
False
Is 2832496 a multiple of 16?
True
Is 362 a factor of 92507?
False
Does 30 divide 10602330?
True
Is 3 a factor of 16574?
False
Is 209 a factor of 168872?
True
Is 1896960 a multiple of 48?
True
Does 614 divide 14136239?
False
Is 516 a factor of 11188428?
True
Is 839915 a multiple of 10?
False
Does 1541 divide 319331?
False
Does 16 divide 5697070?
False
Is 2 a factor of 16755?
False
Does 44 divide 22516911?
False
Is 8 a factor of 263192?
True
Is 328 a factor of 114144?
True
Is 278 a factor of 1029086?
False
Does 6 divide 2139953?
False
Does 7 divide 1704976?
True
Is 7 a factor of 262668?
True
Is 10 a factor of 14183990?
True
Is 423555 a multiple of 11?
True
Does 396 divide 3660624?
True
Is 768 a factor of 5299968?
True
Is 96658 a multiple of 292?
False
Is 64 a factor of 2477612?
False
Is 222 a factor of 537840?
False
Is 36216 even?
True
Is 33 a factor of 202158?
True
Is 262808 a multiple of 104?
True
Does 369 divide 302949?
True
Is 8 a factor of 86410?
False
Does 114 divide 2426507?
False
Is 979 a factor of 5564636?
True
Is 386 a factor of 17898387?
False
Does 236 divide 170414?
False
Is 6 a factor of 762084?
True
Is 61 a factor of 458264?
False
Is 121393 a multiple of 8?
False
Does 28 divide 1176700?
True
Is 307800 a multiple of 190?
True
Does 98 divide 336206?
False
Does 743 divide 1275495?
False
Is 121349 a multiple of 122?
False
Is 411 a factor of 1510425?
True
Is 20 a factor of 840991?
False
Does 304 divide 22134?
False
Is 2284811 a multiple of 154?
False
Is 1882 a factor of 10733046?
True
Is 18637 a multiple of 307?
False
Does 15 divide 1790520?
True
Does 107 divide 38261?
False
Is 248321 a multiple of 368?
False
Does 9 divide 2565427?
False
Does 18 divide 199402?
False
Is 565728 a multiple of 8?
True
Is 91 a factor of 340977?
True
Is 5555908 a multiple of 203?
False
Does 243 divide 10214705?
False
Does 193 divide 49828?
False
Is 73 a factor of 8042045?
True
Is 10343 a multiple of 8?
False
Does 46 divide 1472?
True
Is 294 a factor of 5292?
True
Is 730 a factor of 7559880?
True
Is 143970 a multiple of 507?
False
Is 1055736 a multiple of 12?
True
Is 1106294 a multiple of 7?
True
Is 139718 a multiple of 22?
False
Is 13 a factor of 55797?
False
Is 61 a factor of 53635?
False
Does 61 divide 122891?
False
Is 467 a factor of 4735380?
True
Is 26 a factor of 4590161?
False
Is 12 a factor of 596544?
True
Does 49